s divided by -2 - -2 - (4*-1 + -1)?
4
Let a(q) = q**3 + 15*q**2 - 6*q - 9. Let n be a(-15). Let f = n - 43. What is the remainder when f is divided by 13?
12
Let k(m) = -m**3 + 7*m**2 + 6*m + 3. Calculate the remainder when k(7) is divided by 23.
22
Let q(f) = f**2 - 18*f + 14. Let a be q(18). Let z = -9 + a. What is the remainder when 7 is divided by z?
2
Let y(v) = -v**2 - 14*v - 8. Let b be y(-8). Let i = -23 + b. Let s = -15 - -24. Calculate the remainder when i is divided by s.
8
Suppose g - 122 = -4*m, 0 = 7*m - 2*m + 4*g - 158. What is the remainder when m is divided by 11?
8
Suppose -17*p + 20*p = 276. Calculate the remainder when p is divided by 19.
16
Let f(v) = -4*v - 11. What is the remainder when f(-9) is divided by 13?
12
Suppose 4*c - 3*c + 78 = 4*q, q - 3*c = 14. Calculate the remainder when 77 is divided by q.
17
Suppose -4*a + 7*a = 9. Suppose 0 = v - 5*h + 21, 6 - 33 = 2*v - 5*h. Calculate the remainder when a/v - (-63)/2 is divided by 11.
9
Let y be 1 + 52/(1 - -1). Suppose -5*m - 15 = 0, 4*f + 4*m + 44 = -0*f. Let w = y + f. Calculate the remainder when w is divided by 10.
9
Suppose -5*b + 20 = -b. What is the remainder when b is divided by (-33)/44*((-14)/3 + 2)?
1
Suppose 2*o - 5*o = 0. Calculate the remainder when ((o - 1)*-3)/1 is divided by 3.
0
Suppose 6 = 2*t - 0*t. Let x be ((-14)/(-4))/((-3)/(-18)). Let u = -13 + x. Calculate the remainder when u is divided by t.
2
Let w = 7 - 15. Let d = -7 - w. What is the remainder when d is divided by 1?
0
Suppose 83 = 4*q - 81. What is the remainder when q is divided by 22?
19
Let c(o) = -3*o - 32. Calculate the remainder when c(-20) is divided by 8.
4
Suppose 0 = -4*j + 4*p + 168, -3*j + 2*j = 4*p - 32. Calculate the remainder when j is divided by 21.
19
Calculate the remainder when 57/(-4)*(-12)/9 is divided by 7.
5
Let h = -15 - -25. Suppose 0 = -6*n + 3*n + 54. What is the remainder when n is divided by h?
8
Suppose -2 = -5*n + q + 2, -3*n = -2*q - 1. Suppose 0 = 2*u + 3*k + n, -2*k + 7 = -4*u + 29. Calculate the remainder when 10/(-25) + 64/10 is divided by u.
2
Let z(c) = c**2 - c + 4. Let n be z(0). Calculate the remainder when 7 is divided by ((-11)/(-3) - n)*-12.
3
Let k be (4 - -5)*(-3)/(-9). Suppose -k*m - 10 = -8*m. What is the remainder when 5 is divided by m?
1
Suppose 2*g + 4*n = 36, -5*g = -n - n - 30. Let l(x) = 6*x - 7. Suppose -2*h + 10 + 0 = 0. Calculate the remainder when l(h) is divided by g.
7
Suppose 5*p = -o + 72, o + 5 + 21 = 2*p. Let k(l) = 4*l + 1. Let a be k(-1). What is the remainder when (1 + a)*(-82)/4 is divided by p?
13
What is the remainder when 2 + (-1 - -2)/1 is divided by 3?
0
Suppose -6 = -2*k + 26. Suppose p + k - 2 = s, 2*s - 35 = -5*p. What is the remainder when 59 is divided by s?
14
Suppose -x + 5 = -32. What is the remainder when x is divided by 13?
11
Calculate the remainder when 64 is divided by 106/6 - 34/51.
13
Let v(u) = 3*u**2 + 2*u - 3. Suppose 2*m = -2 + 6. Suppose -5*f - 2*k + 27 = -0*k, -2*f = 3*k - m. Calculate the remainder when v(2) is divided by f.
6
Let d be 1111/(-7) - (-2)/(-7). Let k = d - -233. Calculate the remainder when k is divided by 19.
17
Let d = -8 - -20. Let g = d - 8. Suppose 3*p - g = -5*m, 4*p - 3*m = 5*p. Calculate the remainder when 8 is divided by p.
2
Let m(d) = d**3 + 5*d**2 - 2*d - 4. Calculate the remainder when m(-5) is divided by 4.
2
Suppose 0 = -3*g - 4*z + 83, 0 = -2*z + 4 - 12. Let q(u) = -u**2 - 2*u + 11. Let b be q(-5). What is the remainder when g is divided by b/18 - 310/(-18)?
16
Let y = -10 - -14. Let i be 36/3 - 16/(-4). Let t = -7 + i. Calculate the remainder when t is divided by y.
1
Suppose 4*j = 0, 2*j = -3*q - 3*j + 75. Calculate the remainder when q is divided by 13.
12
Let w = 8 + -4. Suppose 27 = 2*q - 1. Calculate the remainder when (2/w)/((-2)/(-104)) is divided by q.
12
Suppose 0 = 3*w - 16 + 1. Suppose -w*v + 24 = -2*v. What is the remainder when v is divided by 3?
2
Let l = 45 - 21. What is the remainder when l is divided by 9?
6
Let v(y) = 2*y + 2. Let q(i) = i - 1. Let n(t) = 6*q(t) + 3*v(t). Calculate the remainder when 23 is divided by n(1).
11
Let p be -1 + (0 - 1)*-1. Let a = p + 2. What is the remainder when a is divided by 2?
0
Let m = -10 + 33. Calculate the remainder when 68 is divided by m.
22
Let m = -8 + -2. Let c = 20 + m. Calculate the remainder when c is divided by 4.
2
Let b(y) be the first derivative of 7*y**3/3 + y**2/2 + y + 1. Calculate the remainder when 19 is divided by b(-1).
5
Let g(h) = h**2 + 9*h + 2. Let k be g(-9). Calculate the remainder when 58 is divided by 3/(k + -3) + 13.
8
Calculate the remainder when 32 is divided by (-5)/1 + 64/4.
10
Let o = 13 - 5. What is the remainder when 23 is divided by o?
7
Let m = 16 + 191. What is the remainder when m is divided by 30?
27
Suppose 528 = -5*m + 16*m. What is the remainder when m is divided by 10?
8
Let f = -130 + 134. Calculate the remainder when 39 is divided by f.
3
Let c = 16 + -7. What is the remainder when 42 is divided by c?
6
Let t(l) = l**2 - 5*l + 3. Let d be t(5). Suppose d*r = 2*r - 5*v + 7, -3*r + 4*v + 59 = 0. What is the remainder when 31 is divided by r?
14
What is the remainder when 40 is divided by (-244)/(-12) + (-16)/(-24)?
19
Let t be 10/(-4)*(-36)/(-30). Calculate the remainder when (t - (-53 + -2))/2 is divided by 14.
12
Suppose 4*m = -x + 5*m + 12, 0 = -3*x + m + 30. Calculate the remainder when (2 + 32)/1 + -1 is divided by x.
6
Suppose 75 = 2*r + 3*r. Suppose 8 + 17 = 5*v. Suppose v*f = 2*f - 4*y + 71, 3*y - 46 = -2*f. Calculate the remainder when f is divided by r.
14
Suppose -q - 13 = -4*q - r, 8 = -4*r. Let n(y) = y + 8. Let p be n(-6). Suppose 0 = p*i - 9 - 19. What is the remainder when i is divided by q?
4
Suppose u + u = 6. Let i(b) = -b**2 + 7*b - 4. Suppose -3*j - 3*w + 82 - 7 = 0, 0 = -4*j + 5*w + 136. Calculate the remainder when j is divided by i(u).
5
Let a(o) = 129*o**2 + o. Let u be 3/9*(-3)/(-1). Calculate the remainder when a(u) is divided by 33.
31
Let r(l) be the first derivative of -l**4/4 + 5*l**3/3 + 3*l**2/2 - 6*l - 3. What is the remainder when 26 is divided by r(5)?
8
Let m be 8 - 0 - (-1 - -3). Suppose m*d = -14 + 74. Suppose -34 = -2*x + 4. Calculate the remainder when x is divided by d.
9
Suppose 0 = -b, 5*l - 5*b = 84 + 1. Let u = 138 + -89. Calculate the remainder when u is divided by l.
15
Let h be (-6)/(-27) - 1290/(-27). Suppose 5*m + h = 4*n, 2*n = m + 29 - 5. Calculate the remainder when 35 is divided by n.
11
Let d = 6 + -2. Suppose 3*h - 8 = -0*h + 5*f, 9 = -h + d*f. What is the remainder when 32 is divided by h?
10
Suppose 0 = -2*o - o + 27. Let s(w) = w + 16. Let n be s(-8). Calculate the remainder when 37 is divided by o/(-12) - (-158)/n.
18
Let o = -3 - -8. Let g be -7 + (o - 2) + -1. What is the remainder when (-2)/g + (-46)/(-10) is divided by 3?
2
Suppose 2*s + q - 257 = 2*q, 0 = -3*s + q + 386. Calculate the remainder when s is divided by 33.
30
Let z(c) = -c**3 - c**2 - 2*c - 3. Calculate the remainder when 78 is divided by z(-3).
15
Let u be ((-5)/(-15))/(2/18). Suppose -13 = -5*i - u. Suppose -5*q = 4*d - 58, -17 = -i*q + q + d. What is the remainder when q is divided by 5?
4
Let m be (-4)/(11 + -3)*44. Let c = m + 36. What is the remainder when 41 is divided by c?
13
What is the remainder when 47 is divided by 15 - (6/(-3) + 1)?
15
Suppose -a + 4*a + 21 = 0. Let h(x) = -5*x + 7. Let y be h(a). Let z = y + -14. What is the remainder when z is divided by 10?
8
Calculate the remainder when 42/(-9)*(-30)/4 is divided by 18.
17
Suppose 2*n + 10 = 0, -o - 6 + 45 = -4*n. What is the remainder when 36 is divided by o?
17
Suppose f = 4*f - 186. What is the remainder when f is divided by 22?
18
Suppose 0 = 3*w - 2*f - 12, 2*w - 3 = -4*f + 5. Calculate the remainder when 23 is divided by w.
3
Suppose 5*c - 125 = -5*l, -3*c = -2*c + 2*l - 29. Calculate the remainder when 144 is divided by c.
18
Let j(k) = -k**3 + 9*k**2 - 6*k + 8. Let r be j(8). Suppose 4*p = -o + 2 - 15, 2*o - r = 2*p. Calculate the remainder when 12 is divided by o.
5
Let x = 71 + -41. Suppose -f = f - x. Suppose 0 = -18*k + 20*k - 84. What is the remainder when k is divided by f?
12
Let t(l) = -l + 20. Let h(w) be the second derivative of w**4/6 - 2*w**3/3 